{"id":59,"date":"2019-05-03T16:18:55","date_gmt":"2019-05-03T16:18:55","guid":{"rendered":"http:\/\/www.originalni-svatebni-oznameni.cz\/?page_id=59"},"modified":"2019-05-03T16:25:30","modified_gmt":"2019-05-03T16:25:30","slug":"02-velikonoce","status":"publish","type":"page","link":"https:\/\/www.originalni-svatebni-oznameni.cz\/index.php\/hotove-kresby\/02-velikonoce\/","title":{"rendered":"-02- Velikonoce"},"content":{"rendered":"<h3><img decoding=\"async\" loading=\"lazy\" class=\"alignleft size-full wp-image-60\" src=\"http:\/\/www.originalni-svatebni-oznameni.cz\/wp-content\/uploads\/2019\/05\/114-zitrky600.jpg\" alt=\"\" width=\"600\" height=\"281\" srcset=\"https:\/\/www.originalni-svatebni-oznameni.cz\/wp-content\/uploads\/2019\/05\/114-zitrky600.jpg 600w, https:\/\/www.originalni-svatebni-oznameni.cz\/wp-content\/uploads\/2019\/05\/114-zitrky600-300x141.jpg 300w\" sizes=\"(max-width: 600px) 100vw, 600px\" \/> <img decoding=\"async\" loading=\"lazy\" class=\"alignleft size-large wp-image-61\" src=\"http:\/\/www.originalni-svatebni-oznameni.cz\/wp-content\/uploads\/2019\/05\/113-Motyl-600.jpg\" alt=\"\" width=\"600\" height=\"284\" srcset=\"https:\/\/www.originalni-svatebni-oznameni.cz\/wp-content\/uploads\/2019\/05\/113-Motyl-600.jpg 600w, https:\/\/www.originalni-svatebni-oznameni.cz\/wp-content\/uploads\/2019\/05\/113-Motyl-600-300x142.jpg 300w\" sizes=\"(max-width: 600px) 100vw, 600px\" \/> Toto je text k prvn\u00edmu obr\u00e1zku<\/h3>\n<p>text odstavce<\/p>\n<p>&nbsp;<\/p>\n<p>&nbsp;<\/p>\n<p>&nbsp;<\/p>\n<p>&nbsp;<\/p>\n<p>&nbsp;<\/p>\n<p>&nbsp;<\/p>\n<h3>Toto je text k druh\u00e9mu obr\u00e1zku<\/h3>\n","protected":false},"excerpt":{"rendered":"<p>Toto je text k prvn\u00edmu obr\u00e1zku text odstavce &nbsp; &nbsp; &nbsp; &nbsp; &nbsp; &nbsp; Toto je text k druh\u00e9mu obr\u00e1zku<\/p>\n","protected":false},"author":1,"featured_media":62,"parent":19,"menu_order":0,"comment_status":"closed","ping_status":"closed","template":"","meta":{"site-sidebar-layout":"default","site-content-layout":"default","ast-global-header-display":"","ast-main-header-display":"","ast-hfb-above-header-display":"","ast-hfb-below-header-display":"","ast-hfb-mobile-header-display":"","site-post-title":"","ast-breadcrumbs-content":"","ast-featured-img":"","footer-sml-layout":"","theme-transparent-header-meta":"","adv-header-id-meta":"","stick-header-meta":"","header-above-stick-meta":"","header-main-stick-meta":"","header-below-stick-meta":""},"_links":{"self":[{"href":"https:\/\/www.originalni-svatebni-oznameni.cz\/index.php\/wp-json\/wp\/v2\/pages\/59"}],"collection":[{"href":"https:\/\/www.originalni-svatebni-oznameni.cz\/index.php\/wp-json\/wp\/v2\/pages"}],"about":[{"href":"https:\/\/www.originalni-svatebni-oznameni.cz\/index.php\/wp-json\/wp\/v2\/types\/page"}],"author":[{"embeddable":true,"href":"https:\/\/www.originalni-svatebni-oznameni.cz\/index.php\/wp-json\/wp\/v2\/users\/1"}],"replies":[{"embeddable":true,"href":"https:\/\/www.originalni-svatebni-oznameni.cz\/index.php\/wp-json\/wp\/v2\/comments?post=59"}],"version-history":[{"count":1,"href":"https:\/\/www.originalni-svatebni-oznameni.cz\/index.php\/wp-json\/wp\/v2\/pages\/59\/revisions"}],"predecessor-version":[{"id":63,"href":"https:\/\/www.originalni-svatebni-oznameni.cz\/index.php\/wp-json\/wp\/v2\/pages\/59\/revisions\/63"}],"up":[{"embeddable":true,"href":"https:\/\/www.originalni-svatebni-oznameni.cz\/index.php\/wp-json\/wp\/v2\/pages\/19"}],"wp:featuredmedia":[{"embeddable":true,"href":"https:\/\/www.originalni-svatebni-oznameni.cz\/index.php\/wp-json\/wp\/v2\/media\/62"}],"wp:attachment":[{"href":"https:\/\/www.originalni-svatebni-oznameni.cz\/index.php\/wp-json\/wp\/v2\/media?parent=59"}],"curies":[{"name":"wp","href":"https:\/\/api.w.org\/{rel}","templated":true}]}}